er?
True
Is 83161 a composite number?
True
Is 102173 prime?
False
Is 67763 a prime number?
True
Is 688783 composite?
False
Is 331 composite?
False
Is 9985 a prime number?
False
Is 9059 composite?
False
Is 1778605 a composite number?
True
Is 164663 a composite number?
False
Is 338659 composite?
False
Is 298315 a prime number?
False
Is 641 prime?
True
Is 319 a composite number?
True
Is 655717 composite?
False
Is 49501 a prime number?
False
Is 17317 a composite number?
False
Is 1130677 a composite number?
False
Is 25067 a composite number?
True
Is 72241 a prime number?
False
Is 103738 a composite number?
True
Is 1765777 composite?
True
Is 121747 prime?
False
Is 521551 a composite number?
False
Is 234431 a composite number?
False
Is 13063 a composite number?
False
Is 8002 composite?
True
Is 2371 a prime number?
True
Is 86347 a prime number?
False
Is 7817 a composite number?
False
Is 67619 prime?
True
Is 58633 a prime number?
False
Is 1061 a composite number?
False
Is 1061 prime?
True
Is 173429 a prime number?
True
Is 34289 composite?
True
Is 1389943 a composite number?
False
Is 176063 a composite number?
False
Is 7867 a composite number?
False
Is 68437 a prime number?
True
Is 8551 a composite number?
True
Is 566635 composite?
True
Is 9138913 a composite number?
True
Is 5045 composite?
True
Is 67289 composite?
False
Is 7981 composite?
True
Is 2328239 composite?
True
Is 32393 composite?
True
Is 2539951 prime?
True
Is 179969 prime?
True
Is 20849 a composite number?
False
Is 253049 a composite number?
False
Is 344723 prime?
False
Is 30127 prime?
False
Is 2194 composite?
True
Is 394241 composite?
False
Is 263063 a prime number?
True
Is 305717 prime?
True
Is 29989 a composite number?
False
Is 37945 composite?
True
Is 346699 prime?
True
Is 38939 composite?
True
Is 250271 composite?
True
Is 22613 prime?
True
Is 1361 prime?
True
Is 99761 prime?
True
Is 2237 prime?
True
Is 19587 a composite number?
True
Is 10901 prime?
False
Is 91439 composite?
True
Is 8501 prime?
True
Is 8419 a composite number?
False
Is 59903 prime?
False
Is 2569 prime?
False
Is 6521 composite?
False
Is 103953 a composite number?
True
Is 36655 a prime number?
False
Is 3457 a prime number?
True
Is 1011827 composite?
False
Is 132479 a composite number?
True
Is 1221997 a composite number?
True
Is 18617 prime?
True
Is 588569 a prime number?
True
Is 38029 a prime number?
False
Is 10694 a composite number?
True
Is 2203 a prime number?
True
Is 470927 a prime number?
True
Is 10581 a composite number?
True
Is 1901 composite?
False
Is 18514 composite?
True
Is 8587 a prime number?
False
Is 94859 a composite number?
True
Is 7969 prime?
False
Is 62297 prime?
True
Is 20035 a composite number?
True
Is 199 prime?
True
Is 1171 a prime number?
True
Is 13309 a composite number?
False
Is 3248111 composite?
False
Is 272099 prime?
False
Is 473257 a prime number?
True
Is 31237 a composite number?
False
Is 1217599 a prime number?
False
Is 31237 prime?
True
Is 9599 composite?
True
Is 6389 a prime number?
True
Is 14987 a prime number?
False
Is 55 prime?
False
Is 160759 prime?
False
Is 331 prime?
True
Is 1600603 composite?
False
Is 57367 a prime number?
True
Is 49013 a prime number?
False
Is 2333 a prime number?
True
Is 15661 prime?
True
Is 155521 a composite number?
False
Is 101785 a prime number?
False
Is 2079951 prime?
False
Is 62357 prime?
False
Is 377873 composite?
False
Is 120117 a composite number?
True
Is 9533 a prime number?
True
Is 7033 composite?
True
Is 71059 a composite number?
False
Is 935891 a composite number?
True
Is 43445 a composite number?
True
Is 155297 a prime number?
False
Is 80113 composite?
True
Is 15877 composite?
False
Is 591502 a prime number?
False
Is 67503 prime?
False
Is 2902351 composite?
False
Is 1333 composite?
True
Is 568049 composite?
False
Is 10195 a prime number?
False
Is 82527 prime?
False
Is 14503 prime?
True
Is 10533 prime?
False
Is 154357 composite?
True
Is 210347 prime?
True
Is 348559 composite?
False
Is 21071 a composite number?
True
Is 25406 a composite number?
True
Is 20751 prime?
False
Is 157393 a composite number?
False
Is 7737 a composite number?
True
Is 103451 prime?
True
Is 12515 a prime number?
False
Is 101553 a composite number?
True
Is 32735 a prime number?
False
Is 3155 a prime number?
False
Is 31471 a composite number?
True
Is 15679 a composite number?
False
Is 644437 a composite number?
True
Is 4159 prime?
True
Is 371 prime?
False
Is 1172503 prime?
True
Is 1079674 composite?
True
Is 56113 composite?
False
Is 77681 a prime number?
True
Is 127 composite?
False
Is 7741 a composite number?
False
Is 4811 a prime number?
False
Is 37799 a prime number?
True
Is 4597045 composite?
True
Is 11183 prime?
False
Is 82277 prime?
False
Is 1363981 a composite number?
True
Is 288293 a prime number?
True
Is 82829 composite?
True
Is 18173 composite?
True
Is 8419 prime?
True
Is 163 a composite number?
False
Is 175901 composite?
True
Is 730346 a prime number?
False
Is 6163 prime?
True
Is 12941 composite?
False
Is 939 prime?
False
Is 87403 a prime number?
True
Is 1080971 a prime number?
True
Is 3555419 a prime number?
False
Is 39521 prime?
True
Is 180493 composite?
True
Is 23897 a composite number?
True
Is 2357 a composite number?
False
Is 7369 prime?
True
Is 135029 a composite number?
False
Is 442639 composite?
True
Is 803227 a prime number?
True
Is 60061 a composite number?
True
Is 128999 prime?
False
Is 502393 composite?
False
Is 1326093 composite?
True
Is 101627 a composite number?
False
Is 19813 a composite number?
False
Is 301123 prime?
True
Is 1399 composite?
False
Is 1196773 a composite number?
False
Is 511163 a composite number?
False
Is 408539 a prime number?
True
Is 10441 a composite number?
True
Is 864707 prime?
True
Is 233477 prime?
True
Is 52757 a composite number?
False
Is 6079 composite?
False
Is 198443 composite?
True
Is 547021 prime?
True
Is 261487 composite?
True
Is 1734803 a prime number?
False
Is 114157 composite?
False
Is 69761 prime?
True
Is 60311 a prime number?
False
Is 3251 a composite number?
False
Is 894649 prime?
False
Is 546866 a composite number?
True
Is 11083 a prime number?
True
Is 25045 a prime number?
False
Is 681305 a prime number?
False
Is 36601 composite?
True
Is 766609 a prime number?
True
Is 18807 a prime number?
False
Is 28837 composite?
False
Is 322963 a prime number?
True
Is 4253 a prime number?
True
Is 142181 prime?
False
Is 4731659 prime?
True
Is 28463 a composite number?
False
Is 21089 composite?
False
Is 18899 prime?
True
Is 2863303 prime?
True
Is 107563 composite?
False
Is 11617 composite?
False
Is 155371 composite?
False
Is 710386 prime?
False
Is 2562107 a composite number?
True
Is 4835 a composite number?
True
Is 961043 a prime number?
False
Is 11959 a prime number?
True
Is 35897 a composite number?
False
Is 80083 a prime number?
False
Is 2018 prime?
False
Is 91187 composite?
True
Is 700171 prime?
True
Is 562091 a composite number?
False
Is 321889 prime?
True
Is 4379 prime?
False
Is 17257 prime?
True
Is 1747573 a composite number?
False
Is 20507 composite?
False
Is 3047 a composite number?
True
Is 28199 a prime number?
False
Is 70361 prime?
False
Is 246403 composite?
False
Is 32347 composite?
True
Is 853327 a composite number?
True
Is 8251 a composite number?
True
Is 2608249 a prime number?
False
Is 40277 a composite number?
False
Is 194431 a composite number?
False
Is 98047 prime?
True
Is 16427 a composite number?
False
Is 1597271 prime?
False
Is 86309 a prime number?
False
Is 901993 a composite number?
False
Is 492227 composite?
False
Is 7397 prime?
False
Is 27471 composite?
True
Is 1040269 a prime number?
False
Is 4045 prime?
False
Is 4138 composite?
True
Is 71311 a composite number?
True
Is 726043 a composite number?
False
Is 52361 composite?
False
Is 124463 prime?
False
Is 18301 a composite number?
False
Is 11897 prime?
True
Is 61871 a composite number?
False
Is 63197 prime?
True
Is 9957 composite?
True
Is 81331 a composite number?
False
Is 95429 prime?
True
Is 19687 prime?
True
Is 35339 a composite number?
False
Is 146141 a prime number?
True
Is 28349 a prime number?
True
Is 16033 a composite number?
False
Is 45943 a prime number?
True
Is 13661 a prime number?
False
Is 1727923 prime?
True
Is 1386065 a prime number?
False
